What is y(-1)?
-4
Suppose -5*a + 3 = -3*h - 13, -h = -4*a + 17. Let z(s) be the second derivative of -5/12*s**4 - 1/2*s**h - 1/20*s**5 + 0*s**2 + s + 0. What is z(-4)?
-4
Let r(v) = -v**2 + 4*v - 3. Suppose -p = -6 + 3. Determine r(p).
0
Let r(j) = j**2 - 17*j + 13. Let f be r(16). Let n(x) = -1 - 2*x - x + 2*x. What is n(f)?
2
Let h(b) be the third derivative of 0 - 1/360*b**6 - 1/6*b**3 + 0*b**4 + 0*b + 3*b**2 + 1/120*b**5. Let w(o) be the first derivative of h(o). Determine w(0).
0
Suppose -n = x - 7, 4 = -2*x - 0*x + 4*n. Let q(p) = 14*p**2 + 2*p - 8. Let s(l) = -5*l**2 - l + 3. Let d(j) = 4*q(j) + 11*s(j). Calculate d(x).
5
Let i(w) = -w**3 - 2*w**2 + 2*w - 2. Let z(y) = y**2 + 4*y - 48. Let r be z(-9). Calculate i(r).
1
Let z(q) = -q**3 - 17*q**2 + 19*q + 14. Let g be z(-18). Let j(l) = -l**2 - 5*l + 2. What is j(g)?
6
Suppose y - 6*y - 10 = 0. Let f = 2 - -1. Let c be (y/f)/((-2)/(-3)). Let r(d) = -5*d**3 + 2*d**2 - 1. Calculate r(c).
6
Let s(o) = -4*o + 6. Let x(c) = 2*c**2 + c - 2. Let r = -8 - -6. Let b be x(r). Suppose -4*t - 4 = -2*f, b*f - 3*t - 15 = -2*t. Determine s(f).
-10
Let o(n) be the second derivative of -n**5/40 - n**4/8 + n**3/6 - 7*n. Let w(z) be the second derivative of o(z). Give w(-2).
3
Let p(r) = -6*r - 1. Let x(a) = a**2 - 1. Let c be x(-2). Suppose 12 = -4*n, c*i + 0*n - 2*n = -3. Let l = i + 2. Give p(l).
5
Suppose -2 = 2*i, -4*p + 9 + 8 = -5*i. Let x(f) = f**2 - p*f + 2*f**2 - 5*f**2 + 1 + 6*f. Let b = 3 - 0. Determine x(b).
-8
Let a(c) be the third derivative of -c**5/30 + c**4/6 + c**2. Let x = -17 + 28. Let l = x + -8. Determine a(l).
-6
Let y(k) be the first derivative of 0*k**2 + 0*k**3 + 1 - k - 3/2*k**4. Suppose -4*t = -4*o + 16, 0 = 2*t + 10. Calculate y(o).
5
Let r(n) = 6*n**3 - 2*n + 1. Let p(g) = g**3 + 13*g**2 + 12*g + 1. Let m be p(-12). Determine r(m).
5
Let n(z) = -z**3 - z**2 - z. Let r(k) = -k**3 - 5*k**2 - 6*k. Let q(i) = -2*n(i) + r(i). Suppose -4*h + 3 + 13 = 0. What is q(h)?
0
Let t(j) = 18 - 5*j**2 - 3*j**3 + 2*j**3 - 14. What is t(-5)?
4
Let f(a) be the second derivative of -a**5/20 - a**4/3 + 5*a**3/6 - 7*a**2/2 + 3*a. What is f(-5)?
-7
Suppose 10 = f + 4*f. Let h(b) = -9*b - 1. Give h(f).
-19
Suppose -2*z = -3*i + 2 + 7, -4*i = -2*z - 12. Let n(h) = 4*h - 2. Give n(i).
10
Suppose 4 - 12 = -2*p. Suppose p*s = -s - 15. Let y(c) be the third derivative of c**4/8 + 2*c**3/3 + c**2. What is y(s)?
-5
Suppose 19 = -2*h - 3*h + 4*p, 2*h - p + 7 = 0. Let b be ((-6)/2)/3 + h. Let a(z) = z**2 + 4*z + 2. Determine a(b).
2
Suppose 0*k = 2*k + 8. Let t be -4*(2 - (-6)/k). Let a(c) be the second derivative of 5*c**3/6 - c**2/2 + c. Determine a(t).
-11
Suppose -4*x + 55 = 5*r, r - 4*x = 10 + 25. Let a(h) = 12*h + r + h**2 - 8 - 5*h. Determine a(-6).
1
Let v(b) = -3*b**3 - 6*b**2 + 7*b - 11. Let u(w) = 13*w**3 + 23*w**2 - 27*w + 43. Let d(i) = 2*u(i) + 9*v(i). Determine d(-9).
-13
Let m(q) = q**3 + 9*q**2 + 6*q - 8. Let n be m(-8). Let c(l) = -n*l + 2*l + 5 + 4*l**2 + 7*l + l**3. Determine c(-4).
1
Suppose -8 = 2*n - h, -19 = -4*n + 9*n - 3*h. Let y(z) = z**3 + 5*z**2 + z + 5. Calculate y(n).
0
Suppose 4*o + 5*i = -28, -4*o - 3*i - 12 = 8. Let a(j) = j**3 + 2*j**2 - 2*j - 1. Give a(o).
3
Let j(i) = -i + 9. Let z be j(6). Let r(b) be the second derivative of 0 - b - 2*b**2 - 1/12*b**4 + b**3. Give r(z).
5
Let x(g) be the first derivative of g**3/3 - 3*g**2 - 4*g - 22. Give x(6).
-4
Suppose t + 2*j + 11 = -0*j, -2*t + 3*j - 8 = 0. Let i(h) = 3*h + 1. Let v(m) = 2*m + 1. Let f(g) = t*v(g) + 4*i(g). What is f(-3)?
3
Let o(m) = 6*m + 1. Suppose -5*z - 15 = 2*w, -z - 15 = 4*w + 6. What is o(z)?
-5
Suppose -2*w = -w - 5. Let j(c) = -c + 2 + 0 + 2*c. Determine j(w).
7
Let i(f) = 5*f + 3*f - 4*f - 3. Let p(w) = 9*w - 111. Let q be p(12). What is i(q)?
-15
Suppose 2*a = -p + 11, -2*a + 2 + 6 = 0. Let r(z) = 176*z - 176*z + z**p + z**2. What is r(-2)?
-4
Let b(s) = -2*s**2 - 5*s - 2 + 5 + 1. Let a be -2 - ((-4)/2 - -1). Let z = a + -3. What is b(z)?
-8
Let f(p) be the second derivative of p**3/3 - 5*p**2/2 + p. Suppose -h = -k + h + 15, -5*h = -2*k + 35. Suppose k*l + 0 = 25. What is f(l)?
5
Let x(s) be the second derivative of -4*s**3/3 - 3*s**2/2 + 12*s. Calculate x(-2).
13
Suppose 0 = -2*x - x + 3*u + 3, 1 = -3*x + 4*u. Suppose 1 = -x*p + 6. Let h be (p - 2)*(0 - -2). Let z(q) = -q**3 + 3*q + 2. Give z(h).
4
Let s(f) be the first derivative of -f**3/3 + 3*f**2/2 - 4*f + 1. Let r(i) = i**2 + i - 3. Let n be r(-3). Suppose -n*d = -0 - 9. Determine s(d).
-4
Let h be 4/(-8) + (-19)/2. Let n = h - -16. Suppose -2*b + n = -0*b. Let v(t) = t - 3. Calculate v(b).
0
Let b(l) be the second derivative of -l**3/3 + l**2/2 + 4*l. What is b(-5)?
11
Let j = -15 + 8. Let r(s) = 3*s + 1. Suppose -5*c = 0, 2*b - 5*c - 3 = 1. Let q(l) = 10*l + 3. Let o(k) = b*q(k) + j*r(k). Give o(-1).
0
Let p(o) be the second derivative of o**6/720 - o**5/60 - o**4/6 - 3*o. Let w(y) be the third derivative of p(y). Suppose -t + 4 = -0. Give w(t).
2
Suppose -4 + 0 = -d, 5*f - 8 = -2*d. Let o(k) = k - 2. Determine o(f).
-2
Suppose 15 = -5*y + 4*f, 4*y = -2*f + 3*f - 12. Let d = y + 2. Let h(b) = -7*b**3 + 2*b**2 - 1. Calculate h(d).
8
Let p(n) = -9*n + 3. Suppose -5*o = -o - 24. Let g(t) = -8*t + 3. Suppose 4*q = 0, 3*d + 5*q + 16 = 1. Let j(h) = d*p(h) + o*g(h). Give j(3).
-6
Let k(o) = -8*o**2 - 1. Let q = -4 + 7. Suppose 0 = -3*j + y + 1, -y - q - 5 = 4*j. Give k(j).
-9
Let l(g) = 2*g + 1. Let n = -13 - -16. Calculate l(n).
7
Let s(d) = d**2 - 2*d - 4. Let m(g) = g**2 - 10*g + 13. Let l be m(9). What is s(l)?
4
Suppose 5*v = -4*i + 35, 0*v = v - 3*i - 7. Let o = v + -4. Suppose 0 = -o*d + 5*z + 15, 4*z + 1 = 3*d - 11. Let a(l) = -l**3 + l**2 - l. Calculate a(d).
0
Suppose -4*p + 20 = 2*k, 3*k + 3 - 15 = 3*p. Let v = 19 - 10. Let m(g) = -6*g**2 + 3*g**3 + 3*g - 2*g**3 - g - v. What is m(k)?
3
Let k(c) = 3*c**3 - 2*c**3 + c - c**2 + 80 - 89. What is k(0)?
-9
Let m(p) be the second derivative of -p**5/20 + 5*p**4/12 - 3*p**2/2 + 13*p. Calculate m(3).
15
Let g(j) = j - 11. Let q(i) = 2. Let o(u) = -6*g(u) - 34*q(u). Calculate o(2).
-14
Let i(y) be the second derivative of -y**5/60 - 7*y**4/24 + y**3/6 + 2*y. Let g(j) be the second derivative of i(j). Suppose o = -4*o - 25. Calculate g(o).
3
Suppose -5*n - l = 11, n + 0*l + 2*l + 4 = 0. Let c(u) be the second derivative of -u**5/20 - 5*u**4/12 - 2*u**3/3 - 3*u**2/2 + u. Give c(n).
-7
Let q(k) = k**3 - k**2 - k + 3. Let s(b) = b**2 + 6*b + 4. Let o be s(-6). Let t(u) = -5*u**3 + o*u**3 - 1 + 2*u + 0*u**3. Let n be t(1). Determine q(n).
3
Let z(k) be the first derivative of -k**3/3 - 3*k**2 - 4*k + 2. Suppose 4*w + 10 = -3*l + 9*w, 3*l - 2*w = -13. Determine z(l).
1
Let x(k) be the third derivative of k**6/120 + 2*k**5/15 + k**4/4 - k**3/2 - 7*k**2. Determine x(-7).
4
Let k be (-2)/(-2)*3/3. Let o be (-1)/(-1)*(k + 0). Let d(i) = -3*i**3 + 3*i**2 - i + 5. Let f(p) = p**3 - p**2 - 1. Let v(w) = d(w) + 4*f(w). What is v(o)?
0
Let b(g) be the third derivative of g**4/24 + 11*g**3/6 - 2*g**2 + 19. Determine b(-7).
4
Suppose -4*d = 7 + 5. Let m be ((0 - 1) + 0)*-3. Let a(l) = -2*l + m*l - 10 + 14. Give a(d).
1
Let x(w) = -w**3 - 12 + 0 + w + 7*w**2 + 7 - 3. Give x(7).
-1
Let g(x) = 5*x - 2*x - 4 + 0*x. Suppose 0 = 2*d - 7*d + 35. Let h = d + -3. Give g(h).
8
Let h = -7 + 14. Let n = h - 3. Suppose 5 + 3 = -2*s - 4*w, -2*s + n*w = 0. Let c(r) = r**2 + 2. Calculate c(s).
6
Let b(d) be the second derivative of 1/12*d**4 + 0 - d + 3*d**2 - 7/6*d**3. Let l be (-2)/(-3) + 13/3. Calculate b(l).
-4
Let y(o) = 2*o - 2 - o + o + 0. Calculate y(-3).
-8
Let n(c) be the second derivative of c**4/12 + c**3/2 + c**2 - c. Let o(b) = b**3 + 5*b**2 + 5*b. Let y be o(-4). Give n(y).
6
Let w(h) be the second derivative of -h**4/12 + 2*h**3/3 - h**2 - 29*h. Let j(m) = 2*m**3 - 3*m**2 + m. Let g be j(2). Let x = g - 3. Determine w(x).
1
Let v(h) be the second derivative of h**4/12 - 2*h**3/3 - 5*h**2/2 + 2*h. Let r(w) = w**2 - 7*w - 1. Let x be r(7). Let k = 3 - x. Determine v(k).
-5
Let r(m) = m + 4. Suppose 0*a + 5*a = 35. Let w(v) = -2*v - 7. Let h(z) = a*r(z) + 4*w(z). What is h(3)?
-3
Let g be (-3 + 0)*(-4)/12. Let u(i) = -3 + g + 3*i - 3 - 2*i. What is u(-4)?
-9
Let g(n) be the third derivative of -1/8*n**4 + 1/60*n*